55. Let j(d) = d**3 - 8*d**2 - 10*d + 10. Let i be j(9). What is the remainder when 59 is divided by ((-220)/a)/(i/6)?
19
Let s(u) = 5*u**2 + 3*u - 16. Let k = -9 + 11. Suppose 14 = 4*a + k*l, -3*a + 4*a + 1 = 4*l. What is the remainder when s(-3) is divided by a?
2
Suppose 0 = 2*a - 77 - 13. Suppose -2*d = -4*d - 6, -3*d = -4*y + a. Let j(u) = -2*u - 6. What is the remainder when y is divided by j(-6)?
3
Let g be 1 + -1 + 2 - -286. Let t = 1125 - 1116. Suppose 0 = -7*b + t*b - g. What is the remainder when b is divided by 29?
28
Let j(w) = w**2 + 10*w + 43. What is the remainder when j(-5) is divided by 18?
0
Let f = -651 + 1490. What is the remainder when f is divided by 21?
20
Suppose -32 + 46 = -2*s. Let j(v) = v**3 + 7*v**2 - 3*v - 5. Calculate the remainder when 42 is divided by j(s).
10
Let l(y) = 34*y - 551. What is the remainder when 1422 is divided by l(19)?
92
Suppose 2*y = -3*y + 165. Let w = 1790 + -1772. Calculate the remainder when y is divided by w.
15
Suppose 12*n - 70 = -3*b + 14*n, -4*b + 98 = 2*n. What is the remainder when 140 is divided by b?
20
Let n = -510 + 532. Calculate the remainder when n is divided by 10.
2
What is the remainder when (-4)/6*-306*(-51)/(-12) is divided by 286?
9
Let i(t) = 4*t**2 + 10*t + 29. Let g be i(-7). Let k = -60 + g. Calculate the remainder when k is divided by 25.
20
Suppose 5*v + 4 = 7*v. Suppose 0 = -4*m + v*m + 30. What is the remainder when 29 is divided by m?
14
Suppose 3*c = -3*s + 19 - 1, -6 = -2*c. Suppose 1 + s = -4*d. Let t(l) = 12*l**2 - l - 1. What is the remainder when 21 is divided by t(d)?
9
Let v be (-5)/(-30) + (-161)/(-6) + 0. Suppose a + v = 37. What is the remainder when 48 is divided by a?
8
Suppose j - 396 = -3*j - 4*c, -c = 0. Calculate the remainder when 280 is divided by j.
82
Let l = 4 + -14. Let n = -1 - l. What is the remainder when 26 is divided by n?
8
Let k = -29 - 87. Let d = -81 - k. Calculate the remainder when d is divided by 12.
11
Let v(y) = -y**3 + 9*y**2 + 4*y - 32. Calculate the remainder when 258 is divided by v(5).
82
Let b = -3885 + 3894. Suppose -3*x - v - 2 = -80, -3*v = 5*x - 134. Calculate the remainder when x is divided by b.
7
Let v = 13 + -11. Suppose t + 9 = 2*f - 24, 0 = -2*f + v*t + 34. Suppose -5*y = 0, -4*j + 5*y = y - f. What is the remainder when 6 is divided by j?
2
Let b(m) = m + 2. Let h be b(0). Suppose -5*p = 25, 6*p - h*p + 155 = 3*x. What is the remainder when x is divided by (-16 + 12)/(2/4)*-2?
13
Let g(k) = k**3 - 3*k**2 - 46*k + 212. Let v = -35 + 51. What is the remainder when g(6) is divided by v?
12
Let f(j) = -j**3 + 19*j**2 + 66*j + 35. Calculate the remainder when 131 is divided by f(22).
26
Suppose 0 = -4*f - 12, -w - 5*f + 33 = 3*w. Let d be w/15 + (-1796)/20. Let k = d - -162. What is the remainder when k is divided by 15?
13
Let k(q) = -869*q + 1. Let v be k(-1). Let j = -598 + v. Let x = j - 184. Calculate the remainder when x is divided by 23.
19
Suppose 3*x + 9 - 3 = 3*v, 18 = 2*v + 5*x. Suppose 11 = 3*f + 3*b - v, 15 = -3*b. What is the remainder when 23 is divided by (-18)/f*120/(-18)?
11
Let y(s) = 4*s - 13 + 10 + 2 + 10. Calculate the remainder when 131 is divided by y(6).
32
Suppose 4*v - 219 = 3*k, -13 = -2*v - 4*k + 113. Suppose -b = 3*y - 63, y - 44 - v = -2*b. Calculate the remainder when b is divided by 17.
14
Let z = 402 - -39. What is the remainder when z is divided by 34?
33
Let s(y) = -4*y**2 + 48*y - 33. Let i(l) = l**2 - 12*l + 8. Let z(o) = -9*i(o) - 2*s(o). What is the remainder when z(7) is divided by 6?
5
Suppose 5*h - 3 + 13 = 0, -q + h = -11. Suppose -16*m + 312 = -13*m. Suppose -32 = 3*z - m. What is the remainder when z is divided by q?
6
Let j(o) = o**3 - 13*o**2 + 42*o + 10. Calculate the remainder when 259 is divided by j(8).
25
Suppose -r = 5*t - 25 + 4, 2*r + 5*t - 42 = 0. Suppose -38*l = -43*l - 85. Let y = l + 98. Calculate the remainder when y is divided by r.
18
Let u(m) = -m**2 - 8*m - 9. Let g be u(-6). Suppose -c - g + 7 = 0. Calculate the remainder when (4/14)/(64/1344) is divided by c.
2
What is the remainder when (-148)/(-2) - 4*(-9)/(-18) is divided by 25?
22
Let l = 1 - 8. Let c(o) = 2*o**2 + 2*o - 16. What is the remainder when c(l) is divided by 24?
20
Let m(s) = 2*s**2 - s + 2. Suppose -d = -12*a + 14*a - 10, -3*d = 2*a - 10. What is the remainder when m(3) is divided by a?
2
Suppose 5*r = -4*c + 82, c = 3*r + 45 - 16. What is the remainder when c is divided by 9?
5
Suppose -2157 = -38*o + 389. Calculate the remainder when 1540 is divided by o.
66
What is the remainder when (47 - -2)/((-6 - -6) + 1) is divided by 31?
18
Suppose -z = -2*v - 4*z + 47, -5*v - z = -124. Let n = v + -14. Calculate the remainder when 21/14*(-480)/(-18) is divided by n.
7
Let u = -188 - -183. Let s(b) be the first derivative of -b**2 + 7*b - 2. Calculate the remainder when 49 is divided by s(u).
15
Suppose 5*t + b = 6*b + 80, -2*t + 32 = 3*b. What is the remainder when t is divided by (5/(-4))/(1/(-4))?
1
Let s(j) = 113*j - 197. Calculate the remainder when 490 is divided by s(2).
26
Suppose 3*d = -2*d + 630. Suppose m + m - d = -4*s, 5*m - 2*s - 375 = 0. What is the remainder when m is divided by 15?
13
What is the remainder when 101 is divided by (4185/108)/((-15)/(-24))?
39
Let k = -19 - -9. What is the remainder when 30 is divided by 64/k*(-60)/24?
14
Let x(n) = 5*n + 4. Let k(i) = -10*i - 9. Let b(z) = -3*k(z) - 5*x(z). Suppose 112*u + 365 + 3647 - 20364 = 0. What is the remainder when u is divided by b(6)?
35
Let y be 2/(-4)*((-2)/1 + -6). Suppose -y*u - 33 + 205 = 0. What is the remainder when u is divided by 9?
7
Let c(h) = -2*h + 95. What is the remainder when 59 is divided by c(40)?
14
Let f(t) = -4*t - 1. Let i be f(6). Let z = 35 + i. Let k = 28 - z. What is the remainder when 68 is divided by k?
14
Suppose 0 = 5*c - 7*c + 102. Suppose -c = -h - 0. What is the remainder when h is divided by 18?
15
What is the remainder when 54 + (-3 - 2) + (0 - -2) is divided by 1/((-3)/(-78)*2)?
12
What is the remainder when 162 is divided by (6 + -5)/((-2)/(-102))?
9
Suppose -2*o = -q + 23, -2*o = -5*q + 3*o + 100. Let z(v) = 5*v**2 + 82*v - 344. Calculate the remainder when z(4) is divided by q.
13
Let f be (0 - 0)/(-1 - 0/(-2)). Suppose f*h - 3*j = -3*h + 24, 2*h - j = 16. What is the remainder when 2/9 + 986/18 is divided by h?
7
Let f(h) = -h + 16. Let q = -50 - -101. Calculate the remainder when q is divided by f(3).
12
Let a(s) = -4*s**3 - s**2 - s + 1. Let u be a(-2). Let i = u + -29. Suppose 0 = i*n - 115 - 107. Calculate the remainder when n is divided by 28.
27
Suppose -4*r - 40 = -60, -2*r = 3*m - 49. Calculate the remainder when 1024 is divided by m.
10
Suppose 0 = k - 2, 2*b + 2*k - 28 = -2*b. Let o = -8 + 13. What is the remainder when b is divided by o?
1
Let n = 49 + -16. Suppose -8*d + 63 = -d. Calculate the remainder when n is divided by d.
6
Let p(o) = -21*o + 256. Calculate the remainder when p(7) is divided by 24.
13
Let f be (1/2)/((12/(-6))/36). Let r(i) = 2*i**2 + 10*i - 9. What is the remainder when r(f) is divided by 16?
15
Let p(c) = -13*c**3 + 16*c**2 - 12*c + 9. Let y(v) = 7*v**3 - 8*v**2 + 6*v - 5. Let d(i) = 6*p(i) + 11*y(i). What is the remainder when 40 is divided by d(7)?
4
Calculate the remainder when (-356)/(4/(-38) + 144/(-76)) is divided by 9.
7
Suppose 4*i - 4*x + 8*x - 652 = 0, -2*i + 342 = -2*x. What is the remainder when i is divided by 57?
53
Let c = -337 - -359. Let m(h) = h**2 - 1. Let l be m(0). Calculate the remainder when c is divided by (2*3)/(2 + l).
4
Suppose a + 5*z = -36, 0 = -2*a + 3*a - z + 60. Let g = 42 - a. Let x = g - 65. Calculate the remainder when x is divided by 12.
9
Suppose 2*j = -2*b + 14, 2*j = -4*b + 3*j + 43. Suppose b*n - 238 = -78. Calculate the remainder when 45 is divided by n.
13
Let r(w) = 14*w - 351. What is the remainder when r(37) is divided by 91?
76
Suppose -9*v + 456 = -4*v - 2*w, 3*v = -2*w + 280. Calculate the remainder when v is divided by 19.
16
Let p(g) = g - 12. What is the remainder when 26 is divided by p(21)?
8
Let y = -24 + 41. Suppose -4*z - 286 + 850 = 0. Suppose 5*u - 5*x = 6*u - 65, 3*u - 3*x = z. What is the remainder when u is divided by y?
16
Let v = -31 + 40. Calculate the remainder when ((-